{"id":1178,"date":"2026-02-24T12:51:44","date_gmt":"2026-02-24T12:51:44","guid":{"rendered":"https:\/\/www.famyayinlari.com\/kitap\/?post_type=product&#038;p=1178"},"modified":"2026-02-24T12:51:45","modified_gmt":"2026-02-24T12:51:45","slug":"sonmus-ocagin-atesi-ma-dersim-mutfagi","status":"publish","type":"product","link":"https:\/\/www.famyayinlari.com\/kitap\/urun\/sonmus-ocagin-atesi-ma-dersim-mutfagi\/","title":{"rendered":"S\u00f6nm\u00fc\u015f Oca\u011f\u0131n Ate\u015fi \/ Ma Dersim Mutfa\u011f\u0131"},"content":{"rendered":"<p>&#8220;S\u00f6nm\u00fc\u015f Oca\u011f\u0131n Ate\u015fi \/ Ma Dersim Mutfa\u011f\u0131&#8221; adl\u0131 bu kitap, Dersim mutfak k\u00fclt\u00fcr\u00fcn\u00fc sosyal, k\u00fclt\u00fcrel, tarih\u00ee, felsefi ve ekonomik a\u00e7\u0131lardan inceleyen kapsaml\u0131 bir \u00e7al\u0131\u015fmad\u0131r. Yazar, bunun bir yemek tarifleri kitab\u0131 olmad\u0131\u011f\u0131n\u0131; aksine, d\u00f6nemin tipik beslenme bi\u00e7imlerini ve haz\u0131rl\u0131k a\u015famalar\u0131n\u0131 yans\u0131tt\u0131\u011f\u0131n\u0131 \u00f6zellikle belirtmektedir.<\/p>\n<p>Yazar, bu \u00e7al\u0131\u015fma i\u00e7in medya kaynaklar\u0131n\u0131, yaz\u0131l\u0131 metinleri, makaleleri ve devlet ar\u015fivi raporlar\u0131n\u0131 incelemi\u015ftir. Ancak en \u00f6nemli kaynak olarak mutfak k\u00fclt\u00fcr\u00fcn\u00fc ya\u015fatan b\u00f6lge insan\u0131ndan yararlanm\u0131\u015ft\u0131r. \u00d6zellikle ya\u015fl\u0131 insanlarla yap\u0131lan g\u00f6r\u00fc\u015fmeler ve bu g\u00f6r\u00fc\u015fmelerden elde edilen, Dersim&#8217;in yemek k\u00fclt\u00fcr\u00fc haf\u0131zas\u0131n\u0131 olu\u015fturan hik\u00e2yeler titizlikle derlenmi\u015ftir.<\/p>\n<p>Bu \u00e7al\u0131\u015fma, Dersim mutfa\u011f\u0131na dair tarif odakl\u0131 olmaktan ziyade, k\u00fclt\u00fcrel, sosyal ve tarihsel bir analiz sunmas\u0131 a\u00e7\u0131s\u0131ndan olduk\u00e7a de\u011ferlidir. Mutfak k\u00fclt\u00fcr\u00fcn\u00fc yaln\u0131zca yemeklerden ibaret g\u00f6rmeyip, onu toplumsal de\u011fi\u015fim, sosyal ya\u015fam, inan\u00e7 pratikleri ve hatta politik ba\u011flamlarla ili\u015fkilendirmesi, \u00e7al\u0131\u015fmay\u0131 g\u00fc\u00e7lendirmektedir.<\/p>\n","protected":false},"excerpt":{"rendered":"<p>&#8220;S\u00f6nm\u00fc\u015f Oca\u011f\u0131n Ate\u015fi \/ Ma Dersim Mutfa\u011f\u0131&#8221; adl\u0131 bu kitap, Dersim mutfak k\u00fclt\u00fcr\u00fcn\u00fc sosyal, k\u00fclt\u00fcrel, tarih\u00ee, felsefi ve ekonomik a\u00e7\u0131lardan inceleyen kapsaml\u0131 bir \u00e7al\u0131\u015fmad\u0131r. Yazar, bunun bir yemek tarifleri kitab\u0131 olmad\u0131\u011f\u0131n\u0131; aksine, d\u00f6nemin tipik beslenme bi\u00e7imlerini ve haz\u0131rl\u0131k a\u015famalar\u0131n\u0131 yans\u0131tt\u0131\u011f\u0131n\u0131 \u00f6zellikle belirtmektedir.<\/p>\n","protected":false},"featured_media":1179,"comment_status":"open","ping_status":"closed","template":"","meta":[],"product_brand":[],"product_cat":[91],"product_tag":[],"class_list":{"0":"post-1178","1":"product","2":"type-product","3":"status-publish","4":"has-post-thumbnail","6":"product_cat-arastirma-inceleme","8":"first","9":"instock","10":"sale","11":"shipping-taxable","12":"purchasable","13":"product-type-simple"},"_links":{"self":[{"href":"https:\/\/www.famyayinlari.com\/kitap\/wp-json\/wp\/v2\/product\/1178","targetHints":{"allow":["GET"]}}],"collection":[{"href":"https:\/\/www.famyayinlari.com\/kitap\/wp-json\/wp\/v2\/product"}],"about":[{"href":"https:\/\/www.famyayinlari.com\/kitap\/wp-json\/wp\/v2\/types\/product"}],"replies":[{"embeddable":true,"href":"https:\/\/www.famyayinlari.com\/kitap\/wp-json\/wp\/v2\/comments?post=1178"}],"wp:featuredmedia":[{"embeddable":true,"href":"https:\/\/www.famyayinlari.com\/kitap\/wp-json\/wp\/v2\/media\/1179"}],"wp:attachment":[{"href":"https:\/\/www.famyayinlari.com\/kitap\/wp-json\/wp\/v2\/media?parent=1178"}],"wp:term":[{"taxonomy":"product_brand","embeddable":true,"href":"https:\/\/www.famyayinlari.com\/kitap\/wp-json\/wp\/v2\/product_brand?post=1178"},{"taxonomy":"product_cat","embeddable":true,"href":"https:\/\/www.famyayinlari.com\/kitap\/wp-json\/wp\/v2\/product_cat?post=1178"},{"taxonomy":"product_tag","embeddable":true,"href":"https:\/\/www.famyayinlari.com\/kitap\/wp-json\/wp\/v2\/product_tag?post=1178"}],"curies":[{"name":"wp","href":"https:\/\/api.w.org\/{rel}","templated":true}]}}