{"id":1159,"date":"2025-11-25T10:56:55","date_gmt":"2025-11-25T10:56:55","guid":{"rendered":"https:\/\/www.famyayinlari.com\/kitap\/?post_type=product&#038;p=1159"},"modified":"2025-12-10T07:08:59","modified_gmt":"2025-12-10T07:08:59","slug":"insanlar-asklar-golgeler","status":"publish","type":"product","link":"https:\/\/www.famyayinlari.com\/kitap\/urun\/insanlar-asklar-golgeler\/","title":{"rendered":"\u0130nsanlar A\u015fklar G\u00f6lgeler -\u015eiir\/Foto\u011fraf"},"content":{"rendered":"","protected":false},"excerpt":{"rendered":"<p>Kuzey Zengin<\/p>\n<p>\u015eiir\/Foto\u011fraf<\/p>\n<p>&nbsp;<\/p>\n<p>\u0130nsanda g\u00f6lgedir a\u015fk<\/p>\n<p>Ki bu y\u00fczden giyilemez<\/p>\n<p>Bir ba\u015fkas\u0131 taraf\u0131ndan<\/p>\n<p>***<\/p>\n<p>Love is the shadow of human also<\/p>\n<p>That it cannot be worn<\/p>\n<p>By someone else<\/p>\n","protected":false},"featured_media":1160,"comment_status":"open","ping_status":"closed","template":"","meta":[],"product_brand":[],"product_cat":[96,95],"product_tag":[],"class_list":{"0":"post-1159","1":"product","2":"type-product","3":"status-publish","4":"has-post-thumbnail","6":"product_cat-fotograf","7":"product_cat-siir","9":"first","10":"instock","11":"sale","12":"shipping-taxable","13":"purchasable","14":"product-type-simple"},"_links":{"self":[{"href":"https:\/\/www.famyayinlari.com\/kitap\/wp-json\/wp\/v2\/product\/1159","targetHints":{"allow":["GET"]}}],"collection":[{"href":"https:\/\/www.famyayinlari.com\/kitap\/wp-json\/wp\/v2\/product"}],"about":[{"href":"https:\/\/www.famyayinlari.com\/kitap\/wp-json\/wp\/v2\/types\/product"}],"replies":[{"embeddable":true,"href":"https:\/\/www.famyayinlari.com\/kitap\/wp-json\/wp\/v2\/comments?post=1159"}],"wp:featuredmedia":[{"embeddable":true,"href":"https:\/\/www.famyayinlari.com\/kitap\/wp-json\/wp\/v2\/media\/1160"}],"wp:attachment":[{"href":"https:\/\/www.famyayinlari.com\/kitap\/wp-json\/wp\/v2\/media?parent=1159"}],"wp:term":[{"taxonomy":"product_brand","embeddable":true,"href":"https:\/\/www.famyayinlari.com\/kitap\/wp-json\/wp\/v2\/product_brand?post=1159"},{"taxonomy":"product_cat","embeddable":true,"href":"https:\/\/www.famyayinlari.com\/kitap\/wp-json\/wp\/v2\/product_cat?post=1159"},{"taxonomy":"product_tag","embeddable":true,"href":"https:\/\/www.famyayinlari.com\/kitap\/wp-json\/wp\/v2\/product_tag?post=1159"}],"curies":[{"name":"wp","href":"https:\/\/api.w.org\/{rel}","templated":true}]}}