{"id":1063,"date":"2023-04-06T21:41:01","date_gmt":"2023-04-06T21:41:01","guid":{"rendered":"https:\/\/www.famyayinlari.com\/kitap\/?post_type=product&#038;p=1063"},"modified":"2025-02-20T10:44:04","modified_gmt":"2025-02-20T10:44:04","slug":"sanike-ma-1","status":"publish","type":"product","link":"https:\/\/www.famyayinlari.com\/kitap\/urun\/sanike-ma-1\/","title":{"rendered":"SANIKE M\u00c2 -1"},"content":{"rendered":"<p>Dersim b\u00f6lgesinde derlenmi\u015f \u00e7ocuk ve yeti\u015fkinlere y\u00f6nelik haz\u0131rlanm\u0131\u015f fab\u0131llardan olu\u015fmaktad\u0131r. Fab\u0131llar Zazaca\/K\u0131rman\u00e7ca derlenmi\u015f, ve ayn\u0131 dille yaz\u0131ya aktar\u0131lm\u0131\u015ft\u0131r. San\u0131k\u00ea Ma-1 kitab\u0131n\u0131n devam\u0131 durumundad\u0131r. Fab\u0131llar\u0131n varyantlar\u0131 da eklenmi\u015ftir. Kitap resimlidir.<\/p>\n","protected":false},"excerpt":{"rendered":"<p>Dersim b\u00f6lgesinde derlenmi\u015f \u00e7ocuk ve yeti\u015fkinlere y\u00f6nelik haz\u0131rlanm\u0131\u015f fab\u0131llardan olu\u015fmaktad\u0131r. Fab\u0131llar Zazaca\/K\u0131rman\u00e7ca derlenmi\u015f, ve ayn\u0131 dille yaz\u0131ya aktar\u0131lm\u0131\u015ft\u0131r.<\/p>\n","protected":false},"featured_media":1065,"comment_status":"open","ping_status":"closed","template":"","meta":[],"product_brand":[],"product_cat":[90],"product_tag":[],"class_list":{"0":"post-1063","1":"product","2":"type-product","3":"status-publish","4":"has-post-thumbnail","6":"product_cat-zazaca","8":"first","9":"instock","10":"sale","11":"shipping-taxable","12":"purchasable","13":"product-type-simple"},"_links":{"self":[{"href":"https:\/\/www.famyayinlari.com\/kitap\/wp-json\/wp\/v2\/product\/1063","targetHints":{"allow":["GET"]}}],"collection":[{"href":"https:\/\/www.famyayinlari.com\/kitap\/wp-json\/wp\/v2\/product"}],"about":[{"href":"https:\/\/www.famyayinlari.com\/kitap\/wp-json\/wp\/v2\/types\/product"}],"replies":[{"embeddable":true,"href":"https:\/\/www.famyayinlari.com\/kitap\/wp-json\/wp\/v2\/comments?post=1063"}],"wp:featuredmedia":[{"embeddable":true,"href":"https:\/\/www.famyayinlari.com\/kitap\/wp-json\/wp\/v2\/media\/1065"}],"wp:attachment":[{"href":"https:\/\/www.famyayinlari.com\/kitap\/wp-json\/wp\/v2\/media?parent=1063"}],"wp:term":[{"taxonomy":"product_brand","embeddable":true,"href":"https:\/\/www.famyayinlari.com\/kitap\/wp-json\/wp\/v2\/product_brand?post=1063"},{"taxonomy":"product_cat","embeddable":true,"href":"https:\/\/www.famyayinlari.com\/kitap\/wp-json\/wp\/v2\/product_cat?post=1063"},{"taxonomy":"product_tag","embeddable":true,"href":"https:\/\/www.famyayinlari.com\/kitap\/wp-json\/wp\/v2\/product_tag?post=1063"}],"curies":[{"name":"wp","href":"https:\/\/api.w.org\/{rel}","templated":true}]}}