{"id":1057,"date":"2023-04-06T21:31:33","date_gmt":"2023-04-06T21:31:33","guid":{"rendered":"https:\/\/www.famyayinlari.com\/kitap\/?post_type=product&#038;p=1057"},"modified":"2023-04-06T21:32:29","modified_gmt":"2023-04-06T21:32:29","slug":"dersim-38-sontanikliklari","status":"publish","type":"product","link":"https:\/\/www.famyayinlari.com\/kitap\/urun\/dersim-38-sontanikliklari\/","title":{"rendered":"Dersim 38 SonTan\u0131kl\u0131klar\u0131"},"content":{"rendered":"<p>Dersim 38 Tan\u0131kl\u0131klar\u0131, Dersim 37-38 s\u00fcrecini do\u011frudan ya\u015fam\u0131\u015f ki\u015filerin anlat\u0131mlar\u0131ndan olu\u015fmaktad\u0131r. H\u0131d\u0131r Ayta\u00e7, sab\u0131rl\u0131 ve detayl\u0131 bir \u00e7al\u0131\u015fma ile Dersim 38\u2019i ya\u015fayanlar\u0131n anlat\u0131mlar\u0131n\u0131 okuyucuya aktarmaktad\u0131r. Anlat\u0131c\u0131n\u0131n diline ve \u00fcslubuna sad\u0131k kal\u0131nm\u0131\u015f anlat\u0131m do\u011frudan aktar\u0131lm\u0131\u015ft\u0131r.<\/p>\n","protected":false},"excerpt":{"rendered":"<p>Dersim 38 Tan\u0131kl\u0131klar\u0131, Dersim 37-38 s\u00fcrecini do\u011frudan ya\u015fam\u0131\u015f ki\u015filerin anlat\u0131mlar\u0131ndan olu\u015fmaktad\u0131r. H\u0131d\u0131r Ayta\u00e7, sab\u0131rl\u0131 ve detayl\u0131 bir \u00e7al\u0131\u015fma ile Dersim 38\u2019i ya\u015fayanlar\u0131n anlat\u0131mlar\u0131n\u0131 okuyucuya aktarmaktad\u0131r. Anlat\u0131c\u0131n\u0131n diline ve \u00fcslubuna sad\u0131k kal\u0131nm\u0131\u015f anlat\u0131m do\u011frudan aktar\u0131lm\u0131\u015ft\u0131r.<\/p>\n","protected":false},"featured_media":1058,"comment_status":"open","ping_status":"closed","template":"","meta":[],"product_brand":[],"product_cat":[93],"product_tag":[],"class_list":{"0":"post-1057","1":"product","2":"type-product","3":"status-publish","4":"has-post-thumbnail","6":"product_cat-rapor","8":"first","9":"instock","10":"shipping-taxable","11":"purchasable","12":"product-type-simple"},"_links":{"self":[{"href":"https:\/\/www.famyayinlari.com\/kitap\/wp-json\/wp\/v2\/product\/1057","targetHints":{"allow":["GET"]}}],"collection":[{"href":"https:\/\/www.famyayinlari.com\/kitap\/wp-json\/wp\/v2\/product"}],"about":[{"href":"https:\/\/www.famyayinlari.com\/kitap\/wp-json\/wp\/v2\/types\/product"}],"replies":[{"embeddable":true,"href":"https:\/\/www.famyayinlari.com\/kitap\/wp-json\/wp\/v2\/comments?post=1057"}],"wp:featuredmedia":[{"embeddable":true,"href":"https:\/\/www.famyayinlari.com\/kitap\/wp-json\/wp\/v2\/media\/1058"}],"wp:attachment":[{"href":"https:\/\/www.famyayinlari.com\/kitap\/wp-json\/wp\/v2\/media?parent=1057"}],"wp:term":[{"taxonomy":"product_brand","embeddable":true,"href":"https:\/\/www.famyayinlari.com\/kitap\/wp-json\/wp\/v2\/product_brand?post=1057"},{"taxonomy":"product_cat","embeddable":true,"href":"https:\/\/www.famyayinlari.com\/kitap\/wp-json\/wp\/v2\/product_cat?post=1057"},{"taxonomy":"product_tag","embeddable":true,"href":"https:\/\/www.famyayinlari.com\/kitap\/wp-json\/wp\/v2\/product_tag?post=1057"}],"curies":[{"name":"wp","href":"https:\/\/api.w.org\/{rel}","templated":true}]}}