{"id":1055,"date":"2023-04-06T21:26:48","date_gmt":"2023-04-06T21:26:48","guid":{"rendered":"https:\/\/www.famyayinlari.com\/kitap\/?post_type=product&#038;p=1055"},"modified":"2025-02-20T10:44:35","modified_gmt":"2025-02-20T10:44:35","slug":"son-gagand","status":"publish","type":"product","link":"https:\/\/www.famyayinlari.com\/kitap\/urun\/son-gagand\/","title":{"rendered":"Son Ga\u011fand"},"content":{"rendered":"<p>Bir Varm\u0131\u015f Bir Yokmu\u015f (Son Ga\u011fand), \u0131rk, renk, inan\u00e7, k\u00fclt\u00fcr \u00e7e\u015fitlili\u011fi ile insan\u0131n bir arada ya\u015fam\u0131n\u0131n g\u00fczelli\u011fi kadar farkl\u0131l\u0131\u011f\u0131n yaratt\u0131\u011f\u0131 sorunlar\u0131 ve insan olman\u0131n t\u00fcm yanlar\u0131n\u0131 olduk\u00e7a ince bir dil ile i\u015fleyen ba\u015far\u0131l\u0131 bir romand\u0131r.<\/p>\n","protected":false},"excerpt":{"rendered":"<p>Bir Varm\u0131\u015f Bir Yokmu\u015f (Son Ga\u011fand), \u0131rk, renk, inan\u00e7, k\u00fclt\u00fcr \u00e7e\u015fitlili\u011fi ile insan\u0131n bir arada ya\u015fam\u0131n\u0131n g\u00fczelli\u011fi kadar farkl\u0131l\u0131\u011f\u0131n yaratt\u0131\u011f\u0131 sorunlar\u0131 ve insan olman\u0131n t\u00fcm yanlar\u0131n\u0131 olduk\u00e7a ince bir dil ile i\u015fleyen ba\u015far\u0131l\u0131 bir romand\u0131r.<\/p>\n","protected":false},"featured_media":1056,"comment_status":"open","ping_status":"closed","template":"","meta":[],"product_brand":[],"product_cat":[83],"product_tag":[],"class_list":{"0":"post-1055","1":"product","2":"type-product","3":"status-publish","4":"has-post-thumbnail","6":"product_cat-roman","8":"first","9":"instock","10":"shipping-taxable","11":"purchasable","12":"product-type-simple"},"_links":{"self":[{"href":"https:\/\/www.famyayinlari.com\/kitap\/wp-json\/wp\/v2\/product\/1055","targetHints":{"allow":["GET"]}}],"collection":[{"href":"https:\/\/www.famyayinlari.com\/kitap\/wp-json\/wp\/v2\/product"}],"about":[{"href":"https:\/\/www.famyayinlari.com\/kitap\/wp-json\/wp\/v2\/types\/product"}],"replies":[{"embeddable":true,"href":"https:\/\/www.famyayinlari.com\/kitap\/wp-json\/wp\/v2\/comments?post=1055"}],"wp:featuredmedia":[{"embeddable":true,"href":"https:\/\/www.famyayinlari.com\/kitap\/wp-json\/wp\/v2\/media\/1056"}],"wp:attachment":[{"href":"https:\/\/www.famyayinlari.com\/kitap\/wp-json\/wp\/v2\/media?parent=1055"}],"wp:term":[{"taxonomy":"product_brand","embeddable":true,"href":"https:\/\/www.famyayinlari.com\/kitap\/wp-json\/wp\/v2\/product_brand?post=1055"},{"taxonomy":"product_cat","embeddable":true,"href":"https:\/\/www.famyayinlari.com\/kitap\/wp-json\/wp\/v2\/product_cat?post=1055"},{"taxonomy":"product_tag","embeddable":true,"href":"https:\/\/www.famyayinlari.com\/kitap\/wp-json\/wp\/v2\/product_tag?post=1055"}],"curies":[{"name":"wp","href":"https:\/\/api.w.org\/{rel}","templated":true}]}}