{"id":660,"date":"2022-10-01T22:40:48","date_gmt":"2022-10-01T22:40:48","guid":{"rendered":"https:\/\/www.famyayinlari.com\/kitap\/?page_id=660"},"modified":"2023-04-06T22:17:30","modified_gmt":"2023-04-06T22:17:30","slug":"iletisim","status":"publish","type":"page","link":"https:\/\/www.famyayinlari.com\/kitap\/iletisim\/","title":{"rendered":"\u0130LET\u0130\u015e\u0130M"},"content":{"rendered":"<p>FaM YAYINLARI\u00a0 \u0130LET\u0130\u015e\u0130M B\u0130LG\u0130LER\u0130<\/p>\n<p>Sanat Sokak No: 1 D: 102 TUNCEL\u0130<br \/>\ndevrimtekinoglu@hotmail.com<br \/>\n+90 0507 431 35 62<\/p>\n","protected":false},"excerpt":{"rendered":"<p>FaM YAYINLARI\u00a0 \u0130LET\u0130\u015e\u0130M B\u0130LG\u0130LER\u0130 Sanat Sokak No: 1 D: 102 TUNCEL\u0130 devrimtekinoglu@hotmail.com +90 0507 431 35 62<\/p>\n","protected":false},"author":1,"featured_media":0,"parent":0,"menu_order":0,"comment_status":"closed","ping_status":"closed","template":"","meta":{"footnotes":""},"class_list":["post-660","page","type-page","status-publish","hentry"],"_links":{"self":[{"href":"https:\/\/www.famyayinlari.com\/kitap\/wp-json\/wp\/v2\/pages\/660","targetHints":{"allow":["GET"]}}],"collection":[{"href":"https:\/\/www.famyayinlari.com\/kitap\/wp-json\/wp\/v2\/pages"}],"about":[{"href":"https:\/\/www.famyayinlari.com\/kitap\/wp-json\/wp\/v2\/types\/page"}],"author":[{"embeddable":true,"href":"https:\/\/www.famyayinlari.com\/kitap\/wp-json\/wp\/v2\/users\/1"}],"replies":[{"embeddable":true,"href":"https:\/\/www.famyayinlari.com\/kitap\/wp-json\/wp\/v2\/comments?post=660"}],"version-history":[{"count":6,"href":"https:\/\/www.famyayinlari.com\/kitap\/wp-json\/wp\/v2\/pages\/660\/revisions"}],"predecessor-version":[{"id":1083,"href":"https:\/\/www.famyayinlari.com\/kitap\/wp-json\/wp\/v2\/pages\/660\/revisions\/1083"}],"wp:attachment":[{"href":"https:\/\/www.famyayinlari.com\/kitap\/wp-json\/wp\/v2\/media?parent=660"}],"curies":[{"name":"wp","href":"https:\/\/api.w.org\/{rel}","templated":true}]}}